nd o.
20
Suppose 7*z - 3*z + 3*n - 66 = 0, -4*z + 2*n + 56 = 0. Calculate the highest common factor of 45 and z.
15
Let m(w) = 2*w + 1. Let d be m(1). Suppose 5*q + 135 = 5*g, -d*g + 80 = -5*q + 9. Calculate the highest common divisor of g and 4.
4
Let i be 32/20*(-30)/(-4). Let a(u) = u**2 + 2*u. Let j be a(2). Suppose -5*r + j = -32. Calculate the highest common factor of i and r.
4
Suppose -3*l - 354 = -6*l. Let s = l - 68. Calculate the highest common divisor of 5 and s.
5
Suppose 3*m = 47 - 2. Let j = m - 4. Calculate the greatest common divisor of j and 1.
1
Let x = -142 - -261. Let b = 1 + x. Suppose 6*d = d + b. What is the highest common divisor of d and 16?
8
Suppose 2*v + 30 = 5*v. Let k(w) = 6*w**2 - 3*w + 2. Let y be k(2). What is the greatest common divisor of y and v?
10
Suppose 3*g - 24 = 141. Calculate the highest common factor of 22 and g.
11
Suppose -5*u + 7 + 8 = 0. Suppose u*o = 4*o. Suppose s - 2*t = -o*t + 2, 3*t + 18 = 4*s. What is the greatest common divisor of 54 and s?
6
Let r(o) be the third derivative of o**4/12 - 10*o**3/3 + 2*o**2. Let a be r(14). What is the greatest common divisor of 2 and a?
2
Let w be 185/25 + (-2)/5. Suppose -2*m - w + 1 = 0. Let l be m/(1 + (-50)/44). Calculate the highest common divisor of 55 and l.
11
Suppose -288 = -b - 3*b. Let h(n) be the third derivative of n**5/30 - n**4/12 - 3*n**2. Let y be h(3). What is the greatest common factor of b and y?
12
Let d = 12 + -3. Suppose 3*i - 42 = -d. What is the greatest common divisor of 99 and i?
11
Let l(u) = 2*u - 7. Suppose -2*c + 19 = 7. Let a be l(c). What is the highest common divisor of 20 and a?
5
Let k = -46 - -56. What is the highest common factor of k and 15?
5
Let u(a) = 2*a**3 + 9*a**2 + 2*a + 10. Let q be u(5). What is the greatest common factor of q and 45?
45
Suppose -5*t + 315 = -5*o, 3*t - 4*o = t + 122. Let y(k) = -k**2 - 12*k + 26. Let g be y(0). Calculate the highest common factor of g and t.
13
Let f be (-1 - -2) + -2 - -1. Suppose -9 + 1 = -4*y. Suppose -y*l + 2 = -2*u - 7*l, 4*u - 5*l - 56 = f. What is the greatest common factor of 99 and u?
9
Suppose -4*a = -1 - 7. Calculate the highest common factor of a and 2.
2
Let p(q) = 11*q + 4. Let h be p(4). Suppose h = 3*j + 12. Calculate the greatest common divisor of 60 and j.
12
Let r(a) = a**3 + 8*a**2 - 6. Let l be r(-8). Let d = 8 + l. Suppose 4 + 20 = d*c. Calculate the highest common factor of 12 and c.
12
Let o = 8 + -4. Suppose -2*f + 7*f = 40. Calculate the greatest common factor of o and f.
4
Let z be (-21)/(2/(-3 + 1)). What is the highest common divisor of 42 and z?
21
Let d(w) = 2*w - 1. Let p = 9 + -5. Let k be d(p). Calculate the greatest common factor of 7 and k.
7
Let v = 0 - -5. Suppose 69 = v*h - 6. Calculate the highest common divisor of 6 and h.
3
Let a(j) = -7*j**3 - 2*j - 4. Let c be a(-2). What is the highest common divisor of 28 and c?
28
Suppose -25 = -5*y + 2*y - 2*m, 4 = -4*m. Let f be 1/(2*(-1)/(-46)). Let j = f + -14. Calculate the highest common factor of y and j.
9
Let i(h) = 2*h**2 + 10*h + 3. Let o(c) = -c**3 - 5*c**2 - 5*c - 4. Let r be o(-3). Let w be i(r). What is the greatest common factor of 248 and w?
31
Suppose 3 = 5*x - 122. Calculate the greatest common factor of 50 and x.
25
Let f(q) = -q + 0*q - 3 + 2*q. Let i be f(5). Suppose i*j = -0*j + 2. What is the greatest common divisor of 2 and j?
1
Let w(x) be the first derivative of -8*x**2 - 8*x + 2. Let k = 9 + -15. Let q be w(k). Calculate the greatest common factor of q and 8.
8
Let o(j) = j**2 - 3*j + 4. Let g be o(-6). What is the highest common factor of g and 87?
29
Let c = 63 + -39. What is the highest common factor of c and 72?
24
Let n(m) = -2*m + 11. Let s be n(-4). Calculate the greatest common divisor of 171 and s.
19
Suppose -5*o + 13 + 47 = 0. Let y(u) = u**3 - 15*u**2 - 9*u - 4. Let b be y(16). What is the greatest common divisor of o and b?
12
Suppose 0 = -3*z + 9, 4*l = -5*z + 499 - 0. What is the greatest common factor of 11 and l?
11
Let o = -10 - -6. Let i = 6 + o. Suppose 0 = -i*n - n + 48. What is the greatest common factor of 2 and n?
2
Let z = -23 + 63. What is the greatest common divisor of z and 10?
10
Let d(p) = -2*p + 11. Let b be d(0). What is the highest common factor of b and 33?
11
Let y(q) = q**2 - 2*q. Let u be 3/((-12)/(-11))*4. Let v be y(u). Let w(c) = 2*c**2 + 1. Let p be w(-2). Calculate the highest common divisor of p and v.
9
Let l(i) = i**3 + 5*i**2 - 3*i**2 + 6*i + 8*i**2 - 2*i**2. Let f be l(-7). Let s = f + -5. What is the highest common factor of 10 and s?
2
Let c = -39 - -51. Let u(l) = -l - 5. Let x be u(-3). Let v be 1*10 + -2 + x. Calculate the highest common factor of v and c.
6
Let i be -3 - -14 - (-1 - (-2 + 0)). What is the highest common divisor of i and 100?
10
Suppose 11 = p - 1. Calculate the highest common divisor of p and 3.
3
Let n be 38 - 1/(3/(-6)). Let h be (3/2)/((-6)/(-40)). What is the highest common divisor of h and n?
10
Suppose 29 = 4*q + 3*a, -13 = -5*q + 2*a + 2*a. Let m be 15/(((-12)/(-9))/4). What is the greatest common factor of m and q?
5
Let u = -8 + 2. Let n = 0 + u. Let v be ((-3)/n)/((-2)/(-32)). Calculate the greatest common factor of 40 and v.
8
Let p be -3*3*(-6)/27. Let h be (1 + p + -3)/(-3). Let l be (-3)/(9/(-66)) - h. Calculate the greatest common divisor of 2 and l.
2
Suppose 2*a + 117 - 37 = 0. Let z be a*(33/(-6) - 0). Calculate the highest common divisor of z and 20.
20
Let b(y) = 2*y - 4. Let c be ((-2)/4)/((-3)/30). Let q be b(c). What is the highest common factor of q and 9?
3
Let z be 0 + 3 + -1 + -2. Suppose z = -2*w - 7 - 3, 2*f + 2*w = 298. What is the highest common divisor of f and 22?
22
Let l be (-2 + (-12)/(-8))*0 + 64. Suppose 3*o = -4*c + 19 + 25, 0 = -3*c + 15. Calculate the highest common divisor of l and o.
8
Suppose 0 = 2*m + m - 120. Suppose 5*o + 2*y - m = 7*y, -5*o - 4*y = -4. What is the highest common divisor of o and 36?
4
Suppose 0 = -15*g + 9*g + 648. What is the highest common divisor of g and 12?
12
Suppose 0 = r - 5*b - 5, -5*r = 3*b + 103 + 12. Let c be 8/r + (-284)/(-10). What is the highest common factor of c and 28?
28
Suppose 3*r + 3*s = 18, 2*s = -r - 2*r + 17. Suppose 2*n - r = 39. What is the greatest common factor of 110 and n?
22
Let k(c) = -5*c - 2*c - 4 + 5 + 3*c. Let n be (-3)/4 - 1/4. Let h be k(n). What is the highest common factor of 10 and h?
5
Let l be (1/(-2))/((-5)/180). Let m = l - 10. Calculate the highest common factor of 4 and m.
4
Suppose 0 = -6*o - 0*o + 2046. Let j = -19 - -50. What is the highest common factor of o and j?
31
Suppose -m + 186 = 4*m + 3*p, 2*m = -4*p + 80. Let l = 7 - -17. What is the highest common factor of m and l?
12
Let n(b) = -b**3 - 7*b**2 - 10*b - 9. Let l be n(-6). What is the highest common divisor of l and 60?
15
Let m(y) = y + 5. Let j be m(-4). Suppose 37 - j = 4*l. Let k be (-55)/(-3) + (-3)/l. Calculate the greatest common divisor of 72 and k.
18
Suppose -3*i = -4*k - k + 461, -4*k + i + 366 = 0. Calculate the greatest common factor of k and 13.
13
Let t be (-2 - 0) + 633/3. Calculate the greatest common factor of 19 and t.
19
Suppose -24 = -4*g + h - 4*h, 4*h - 25 = -3*g. Suppose g*f - 2*f - 14 = -x, 2*x - 42 = -3*f. What is the greatest common divisor of f and 42?
14
Suppose 2*g = -2*g - 12. Let m be ((-40)/6 - g)*-75. Calculate the highest common divisor of 25 and m.
25
Suppose 2*y - 3*y + 56 = 0. Let r(a) = 5*a - 3. Let m be r(2). What is the greatest common factor of m and y?
7
Let x(w) = -4*w - 73. Let i be x(-20). What is the greatest common factor of 63 and i?
7
Suppose 3*q - 13 = 6*q + 4*h, -2*q = 2*h + 6. Suppose -q = -2*n + 35. What is the highest common factor of n and 12?
6
Let n be (0 + 3)/(2/24). What is the greatest common factor of n and 4?
4
Let g = -757 - -822. Suppose 3*c - 21 = -0*c + 3*s, -4*s - 12 = 4*c. Suppose -c*r - 52 = -6*r. What is the highest common divisor of g and r?
13
Let v = 20 - 10. Suppose -4 = -2*i + i. What is the highest common factor of v and i?
2
Let o(u) = -4*u + 1. Let y be o(-9). Suppose 0 = -2*g - j + 21 + y, -5*j - 74 = -3*g. What is the highest common factor of 224 and g?
28
Suppose 4*r = 5*c - 45, 4*c + 4*r - 2*r - 62 = 0. What is the highest common factor o